-3)/36). Suppose -z*m + m = -130. Let h = 60 - m. What is the tens digit of h?
3
Let j(r) = r**2 - 14*r - 41. Let g be j(17). What is the tens digit of 3828/16 - g/8?
3
Let b = -22467 + 27567. What is the tens digit of b?
0
Suppose -m - m - 94 = 2*u, u + 57 = m. Suppose -6*c - 55*c + 4542 - 882 = 0. Let r = u + c. What is the units digit of r?
8
Suppose -230 = -4*r - 2*s, 2*r = r - s + 58. Let k = r - 21. Suppose -8*c + k = -5*c. What is the tens digit of c?
1
Let w be (6845/(-74))/((1*2)/(-4)). What is the tens digit of (4 - (-18)/(-15))*w/2?
5
Suppose -3*r = -3*u - 6, 0 = -5*u - 0*r - 3*r + 6. Suppose u = -y + 313 + 47. What is the units digit of y?
0
Suppose 28*w - 30*w + v + 5744 = 0, -20 = 5*v. Let z = -925 + w. What is the hundreds digit of z?
9
Let i = -217 - -449. Let q = i + -134. What is the units digit of q?
8
Let a(n) = 90*n - 28. Suppose 0 = 42*j - 206 - 130. What is the hundreds digit of a(j)?
6
Suppose a = 2*a + 21. Suppose -4*k - 17 = -5*q + 29, 5*q - 14 = -4*k. What is the units digit of (q/a)/1 + (-69)/(-21)?
3
Let o(y) = -y**3 - 21*y**2 - 20*y + 5. Let r be o(-20). Let k(w) = 2 - r*w - w**2 + 3*w**2 - w**2 + 2*w**2. What is the units digit of k(-3)?
4
Let l(f) = -11*f - 78. Let t(x) = 44*x + 316. Let g(j) = 9*l(j) + 2*t(j). What is the units digit of g(-15)?
5
Suppose -324*g + 21624 = -320*g. What is the thousands digit of g?
5
Suppose -d = -33 + 2. Suppose 36*k + 2*u = d*k + 1311, -5*k = -u - 1302. What is the hundreds digit of k?
2
Let t(i) = 25*i**3 - 8*i**2 - 19*i + 26. Let p(o) = -12*o**3 + 2*o**2 + 9*o - 13. Let s(b) = -5*p(b) - 2*t(b). What is the units digit of s(4)?
1
Suppose 1425 + 4724 = 11*f. Let x = -92 + f. Suppose 9*j - x + 35 = 0. What is the tens digit of j?
4
Let d = 166 - 103. Let y be (-7)/(d/(-132))*3/(-2). Let i = y - -49. What is the tens digit of i?
2
Let t = -1 + 9. Suppose t*i - 15*i = 42. Let w(k) = 6*k**2 + 2*k + 19. What is the units digit of w(i)?
3
Let h be (240/(-1080))/(1/27). Let s(b) = 9*b**2 + 6 + b**3 + 0*b**3 - 3*b - b**2. What is the units digit of s(h)?
6
What is the thousands digit of 2200578/116 + 6/4?
8
Suppose 12 = -3*d + 21. Suppose w = 5*p - 0*w - 3248, d*p = w + 1948. What is the units digit of p?
0
Let g(c) = 9*c**2 + 18*c - 15. Suppose -13*s = -64 - 79. What is the thousands digit of g(s)?
1
Let v(t) = 14 - 273*t**3 + 13*t + 0*t**2 - 7*t**2 + 2*t**2 + 272*t**3. Let r be v(-7). What is the tens digit of r/(((-3)/27)/(4/(-6)))?
2
What is the hundreds digit of (147 + -4009)*7/(-2)?
5
Suppose -2*g = -r + 6662, -r + 6415 = -5*g - 232. What is the hundreds digit of r?
6
What is the hundreds digit of (12/21)/(40/(-16) - (-558927)/223566)?
6
Suppose 4*k = 2*d + 6, 4*d = 2 + 2. Suppose 0 = x - w - 12, -3*x - 4*w = k*x - 24. Suppose m - x*m = -448. What is the units digit of m?
4
Let s(t) = 6*t + 27. Let n(i) = 3*i + 19. Let m be n(-7). What is the units digit of s(m)?
5
Suppose -7*x = -2*x - 20. What is the units digit of 6/(x/(-8)*8/(-44))?
6
What is the hundreds digit of 26 + 835479/54 - ((-39)/18 + 3)?
4
Let a(c) = -c + 13. Let s be a(-9). Let f = s - -34. What is the units digit of 12640/f - (-2)/7?
6
Let a = -2390 - -8533. What is the hundreds digit of a?
1
Let h be (2 - 0)/(-5 - 135/(-25)). Suppose -4*i = -3*n - 1263, -4*n + 25 = -9*n. Suppose -i = u - h*u. What is the units digit of u?
8
What is the thousands digit of (-2)/(-2) + 8333 - (-23 - -12 - -19)?
8
Let o = -66 + 73. Let w be (-6)/(-7)*(7 + o). Suppose -3*q = -w, -3*m + q + 312 + 5 = 0. What is the units digit of m?
7
Suppose 5*k - 185710 = -5*k - 4*k. What is the units digit of k?
5
Let x(b) = 26*b**2 + 25*b - 257. What is the hundreds digit of x(12)?
7
Suppose 4 = 2*l, -5*l = 2*u + 3*u - 80. Suppose -2*k - u = 114. Let d = k + 105. What is the units digit of d?
1
What is the hundreds digit of ((-3)/((-45)/6))/((-20)/(-120850))?
4
Let k = -254 + 761. Let j = -80 + k. Suppose 0 = -4*m + 145 + j. What is the hundreds digit of m?
1
Suppose 5*t + 0*t = -4*q + 30854, 3*q + 2*t - 23144 = 0. Suppose 8*c - q = -4*c. What is the tens digit of c?
4
Suppose 4*j + 5*j - 45 = 0. Suppose 0 = -3*g + j*g - 10. Suppose 4*d + 4*b = 68, -b + 86 = g*d + 3*b. What is the tens digit of d?
1
Let q(a) = a**3 + 7*a**2 + 8*a + 14. Suppose 4*p + 6 = y, 5*y - 3*p = -13 - 8. Let l be q(y). Suppose -l*m - 8 = -358. What is the units digit of m?
5
Let u(l) = 1. Let y(a) = 2*a - 12. Let t(n) = -u(n) - y(n). Let h = 20 - 28. What is the units digit of t(h)?
7
Let b = 1599 - 1133. Let q = b - 295. What is the units digit of q?
1
What is the hundreds digit of ((-102)/765 + 6929/105)*7?
4
Let a(n) = 3*n**2 - 70*n + 575. What is the thousands digit of a(48)?
4
Suppose 2*n - 22 = -q, -n + 3*q = 2*n - 51. Suppose -20 = -n*u + 8*u. Suppose 3*i = -9*m + u*m + 493, 4*i - 667 = 3*m. What is the hundreds digit of i?
1
Let i = -83 - -26. Let c = -11 - i. What is the units digit of c/(-391) - 2826/(-34)?
3
Suppose 23*i - 33*i + 1340 = 0. Suppose 1544 = 3*c + i. What is the hundreds digit of c?
4
Let o(m) = -2*m**3 + 41*m**2 - 3*m - 52. What is the units digit of o(18)?
4
Let h be (-52)/13 - 23/1. Let s = 107 - h. What is the tens digit of s?
3
Suppose 4*n - 8*u + 16*u - 31960 = 0, -u - 5 = 0. What is the tens digit of n?
0
Suppose 21071*f - 21057*f = 210028. What is the tens digit of f?
0
Suppose -18*v + 281544 - 22614 = 0. What is the units digit of v?
5
Suppose 2*s - m = 4*m + 1716, 3*m = -3*s + 2532. Suppose -36*u = -34*u - s. What is the tens digit of u?
2
Let k(a) = -2*a**3 + 44*a**2 - 46*a - 74. Let g be (5 + 231/(-35))/(4/(-50)). What is the tens digit of k(g)?
0
Suppose 6*i - 1825 + 389 = 4120. What is the hundreds digit of i?
9
Let f(d) = -134*d**3 + 3*d**2 - 236*d - 1147. What is the thousands digit of f(-5)?
6
Suppose 91*n = 95*n - t + 29, 0 = n + 5*t - 19. What is the tens digit of (-31705)/(-34) - 9/n?
3
Suppose -6*r + r + 40945 = -1535. What is the thousands digit of r?
8
Let f = 1959 + -1315. What is the tens digit of f?
4
Let v be 25/(-3)*594/(-9). Suppose 4*x - 2*b - 337 - 109 = 0, -5*x + 5*b + v = 0. What is the units digit of x?
3
Let n = 2359 - 1583. What is the hundreds digit of n?
7
Let o(j) = -285*j + 5723. What is the ten thousands digit of o(-100)?
3
Suppose g = 2*g - 1. Let i(v) = 220*v**2 + 4*v - 6. What is the tens digit of i(g)?
1
Let g(s) be the third derivative of 11*s**5/60 + 2*s**4/3 - 8*s**3/3 - s**2 - 83*s. What is the units digit of g(7)?
5
Let g = -13 + 18. Let y(u) = 123*u + 28. Let q be y(g). Suppose 25 = 5*a, -5*d - 4*a + q = 223. What is the tens digit of d?
8
Suppose -z - b + 6038 = 0, 34672 = 4*z + 5*b + 10523. What is the tens digit of z?
4
Suppose -p = 13 - 5. Let o(b) = 8*b + 19. Let z be o(p). What is the units digit of (-466)/(-6) + 30/z?
7
Let f(t) = -14*t**2 - 11*t - 29. Let p(n) = -12*n**2 - 11*n - 29. Let c(q) = -6*f(q) + 5*p(q). What is the units digit of c(-3)?
2
Suppose -5*p + 77368 = 3*r, 322*p - 318*p = r - 25812. What is the units digit of r?
6
Suppose 10 = 5*w, 3*j + w + 746 = -j. Let u = 112 - j. What is the hundreds digit of u?
2
What is the tens digit of 107*(26/24*-22)/(4/(-24))?
0
Let x = 625 + -622. Suppose x*w = 3*y - 369, 398 = 5*y - 2*w - 214. What is the hundreds digit of y?
1
Suppose 3*k + 3*s = 79488, -19*k - 4*s + 79485 = -16*k. What is the tens digit of k?
9
Let t(g) = 15*g**2 + 3*g - 30. Let j be t(-6). Let i = 793 - j. What is the tens digit of i?
0
Suppose 2*j = 4*l + 6094, 766*j - 4*l + 3023 = 767*j. What is the hundreds digit of j?
0
Suppose 4*m = -2*x + 4*x + 674, 4*x + 179 = m. Suppose m*u = 170*u - 1842. What is the hundreds digit of u?
6
What is the thousands digit of (2 - (2376/(-16))/(-9))*-454?
6
Suppose 0 = 170*z - 147*z - 552276. What is the ten thousands digit of z?
2
Let m = 149748 + -81888. What is the tens digit of m?
6
Suppose 25311 = 11*f - 6*f + c, 3*f = -3*c + 15177. What is the hundreds digit of f?
0
Suppose -3*r - 3*d = 30, 0*d - 15 = 4*r - d. What is the units digit of 217 + (3/(-2))/(r/(-10))?
4
Let o be (39 - 15)*(-66)/(-8). Let z = o + 292. What is the hundreds digit of z?
4
Let b be 2/5 - 828/(-180). Suppose 4*n - 8 = 0, -b*c + 7*c - 790 = -5*n. What is the hundreds digit of c?
3
Let d(p) = -p**3 - 16*p**2 - 18*p + 22. Let r(g) be the second derivative of -g**